-f**3 + 19*f**2 + 9*f + 4. Determine j(21).
-689
Let w(d) = -22174*d + 376979. Calculate w(17).
21
Let a(k) = -k**3 + 322*k**2 - 627*k - 4103. What is a(320)?
57
Let m(b) = 12132*b + 36026. Give m(-3).
-370
Let v(b) = -b**3 + 119*b**2 - 462*b - 873. Give v(115).
-1103
Let o(d) = 9334*d + 93737. Determine o(-10).
397
Let p(u) = 11041*u - 1523672. Give p(138).
-14
Let s(h) = 230*h**2 - 7570*h - 1176. Calculate s(33).
-516
Let o(m) = m**2 + 1314*m + 195345. Determine o(-171).
-108
Let s(k) = -124608*k + 4859721. Give s(39).
9
Let i(l) = -2840*l - 22654. Calculate i(-8).
66
Let d(h) = -5734*h + 5733. What is d(1)?
-1
Let s(n) = -63652*n + 954518. Calculate s(15).
-262
Let l(a) = -a**3 - 86*a**2 - 1815*a + 679. What is l(-40)?
-321
Let c(x) = x**2 - 638758*x - 1277519. What is c(-2)?
1
Let k(h) = -4569*h + 72975. What is k(16)?
-129
Let k(a) = 19*a**2 + 233*a + 559. Calculate k(-9).
1
Let s(u) = 24*u - 2522. Calculate s(108).
70
Let t(b) = 5*b**2 + 282*b + 625. Give t(-56).
513
Let o(f) = -f**3 - 97*f**2 - 10*f - 2786. Give o(-97).
-1816
Let k(p) = 4716*p**2 - 51866*p - 107. Give k(11).
3
Let l(b) = -24*b**2 + 685*b + 2248. Determine l(31).
419
Let m(p) = -5*p**2 + 289*p - 3181. Determine m(42).
137
Let n(x) = -6010*x - 60136. Calculate n(-10).
-36
Let a(k) = 265*k**2 - 27550*k - 1053. Give a(104).
-13
Let m(g) = -5426*g - 130261. Give m(-24).
-37
Let g(j) = -6*j + 6. Calculate g(13).
-72
Let h(q) = 3334*q - 920326. Give h(276).
-142
Let c(u) = 90*u**2 - 3329*u - 79. Calculate c(37).
-42
Let r(f) = 130*f**2 - 1706*f + 195. Calculate r(13).
-13
Let v(z) = -2*z**3 + 131*z**2 + 764*z + 923. What is v(71)?
-284
Let g(z) = z**3 - 4*z**2 + 34*z - 97. What is g(3)?
-4
Let f(w) = -4932*w - 93716. Calculate f(-19).
-8
Let g(l) = l**3 - 316*l**2 + 556*l + 22646. Give g(314).
38
Let c(d) = 2*d**3 - 7*d**2 - 9952*d + 39803. Calculate c(4).
11
Let k(b) = -2*b**3 - 33*b**2 + 211*b + 8. What is k(-21)?
-454
Let n(v) = -1380*v - 1356592. What is n(-983)?
-52
Let f(b) = 19*b**2 - 82*b - 97. What is f(8)?
463
Let a(u) = u**3 + 6*u**2 - 298*u - 1499. What is a(-5)?
16
Let o(w) = 80*w**2 - 4188*w + 1428. Calculate o(52).
-28
Let n(x) = -40*x**2 + 251*x - 257. Determine n(1).
-46
Let w(i) = -25*i**3 + 104*i**2 - 160*i + 579. Give w(4).
3
Let d(r) = -4*r**3 - 24*r**2 + 42*r + 38. Determine d(-7).
-60
Let t(b) = 85*b**3 - 13*b**2 - 35*b - 9. What is t(-2)?
-671
Let j(i) = -8960*i - 797618. What is j(-89)?
-178
Let k(l) = -2*l**3 - l**2 - 21*l - 180. What is k(-4)?
16
Let b(j) = 2*j**3 + 2729*j**2 - 12573*j - 344985. Determine b(-1369).
3
Let d(h) = -h**3 - 440*h**2 - 973*h - 42515. What is d(-438)?
-29
Let w(a) = 105*a + 3347. Determine w(-30).
197
Let d(i) = -2*i**2 + 9348*i + 9347. What is d(-1)?
-3
Let r(k) = -446*k - 3413. Calculate r(-9).
601
Let h(y) = -17095*y + 16441. Calculate h(1).
-654
Let j(x) = -9*x**3 + 203*x**2 - 475*x + 3812. Give j(21).
11
Let p(k) = 4*k**3 - 158*k**2 + 370*k - 61. Calculate p(37).
-61
Let k(h) = 1433405*h + 10033838. What is k(-7)?
3
Let q(z) = 2*z**3 - 8*z**2 - 1480*z + 870. Calculate q(29).
0
Let t(g) = -910*g + 91836. Calculate t(101).
-74
Let y(f) = 2*f**2 + 578*f + 1597. Determine y(-286).
-119
Let m(n) = 34*n**2 + 11*n - 70. What is m(-4)?
430
Let r(o) = -14*o**2 + 591*o + 2949. Determine r(-5).
-356
Let o(y) = -138843*y - 43596696. Calculate o(-314).
6
Let j(p) = -1340*p + 326873. What is j(244)?
-87
Let w(o) = 1656*o + 703808. Determine w(-425).
8
Let q(a) = 1405*a + 389184. What is q(-277)?
-1
Let m(q) = -38721*q + 193624. Give m(5).
19
Let j(f) = 110*f + 453. Give j(-26).
-2407
Let x(h) = -7*h**2 - 9120*h + 37832. Give x(-1307).
-71
Let g(p) = 2*p**3 + 52*p**2 + 144*p - 322. Give g(-23).
-460
Let b(n) = n**3 - 71*n**2 + 403*n - 74. Determine b(6).
4
Let s(u) = -2337*u**2 - 717459*u - 6. Determine s(-307).
-6
Let l(p) = p**3 + 14*p**2 + 466*p + 4306. Determine l(-10).
46
Let p(u) = -2*u**3 + 140*u**2 - 121*u - 1015. What is p(69)?
158
Let c(q) = 1372*q - 44024. Give c(32).
-120
Let c(x) = -81095*x - 162186. Determine c(-2).
4
Let x(l) = -l**2 + 79*l + 8687. What is x(-64)?
-465
Let f(y) = -54*y**2 + 715*y - 4879. Give f(7).
-2520
Let h(j) = 4*j + 732. Calculate h(-63).
480
Let f(y) = 18*y**2 + 6621*y - 19868. Give f(3).
157
Let h(j) = -1279*j + 17796. What is h(14)?
-110
Let r(n) = 278*n**2 + 75*n + 112. Determine r(-2).
1074
Let l(a) = 2717*a + 70547. Calculate l(-25).
2622
Let t(g) = 2*g**3 + 45*g**2 - 281*g - 19. Give t(6).
347
Let q(v) = 560*v - 3993. Calculate q(6).
-633
Let i(f) = -6*f**2 - 574*f + 834. What is i(-98)?
-538
Let a(j) = -116*j**2 + 6604*j + 369. Give a(57).
-87
Let l(m) = m**3 + 82*m**2 + 250*m + 1343. Give l(-79).
316
Let b(f) = -4630*f - 444462. Calculate b(-96).
18
Let b(g) = -4*g**2 - 1362*g - 31631. Give b(-25).
-81
Let z(w) = -15*w - 3366. Give z(57).
-4221
Let w(u) = 7*u**2 - 31*u - 130. Calculate w(-6).
308
Let z(i) = i**3 + 381*i**2 - 7595*i + 2029. Determine z(-400).
29
Let s(c) = 10*c**3 - 4910*c**2 + 9778*c. Calculate s(2).
-4
Let u(y) = -5*y**2 - 496*y - 6671. Give u(-83).
52
Let p(q) = 142*q + 26198. What is p(-188)?
-498
Let f(o) = -o**3 - 35*o**2 - 955*o - 21306. What is f(-28)?
-54
Let d(o) = 1755*o**3 + 7*o**2 - 18*o - 18. Give d(-1).
-1748
Let p(r) = -2*r**3 + 184*r**2 + 2736*r - 596. Give p(105).
34
Let a(s) = -456*s - 3623. Give a(-7).
-431
Let p(z) = -4*z**2 - 328*z + 70531. Give p(98).
-29
Let w(i) = 276*i - 91822. Calculate w(321).
-3226
Let b(l) = -l**2 - 439*l + 46. Determine b(0).
46
Let q(i) = 2*i**3 + 3*i**2 - 8778*i - 26334. Determine q(-3).
-27
Let n(k) = -1058*k + 22319. Give n(21).
101
Let a(m) = -m**2 + 39*m + 4822. Give a(93).
-200
Let d(v) = 109052*v - 2944410. Determine d(27).
-6
Let r(z) = 36579*z + 2450796. Give r(-67).
3
Let p(m) = -1713*m - 68512. What is p(-40)?
8
Let g(r) = -2*r**2 - 174*r + 29735. Calculate g(-173).
-21
Let w(r) = 478537*r - 2392652. Determine w(5).
33
Let s(m) = -1313*m - 30190. What is s(-23)?
9
Let g(j) = -8894*j - 11. Give g(0).
-11
Let x(s) = -s**3 + 35*s**2 - 255*s - 210. Give x(24).
6
Let q(a) = 1082*a**2 - 107127*a + 43. Calculate q(99).
-848
Let h(t) = 69*t**2 - 438*t + 778. What is h(6)?
634
Let i(h) = -h**3 - 652*h**2 - 1342*h - 27288. Calculate i(-650).
12
Let j(v) = -v**3 + 33*v**2 + 207*v + 3. Determine j(38).
649
Let y(f) = -2*f**3 - 12*f**2 - 81*f - 171. Determine y(-3).
18
Let q(a) = -9*a**2 - 31*a + 397. Give q(-9).
-53
Let f(q) = -14835*q + 979046. Calculate f(66).
-64
Let r(f) = 3*f**3 + 7*f**2 - 74*f + 190. Give r(3).
112
Let v(m) = 28*m**2 + 4847*m + 546. Give v(-173).
27
Let z(f) = -74*f**2 - 556*f - 2179. Give z(-4).
-1139
Let q(j) = 39505*j + 948041. Determine q(-24).
-79
Let l(a) = 83*a**2 - 129520*a + 129521. What is l(1)?
84
Let w(r) = 45504*r + 1683663. What is w(-37)?
15
Let n(d) = -7*d**3 + 10*d**2 + 144*d + 456. Give n(-4).
488
Let i(z) = z**3 + 8*z**2 - 170*z - 1024. Give i(-6).
68
Let g(p) = 2778*p - 141725. Give g(51).
-47
Let u(z) = -31*z**3 - 138*z**2 - 101*z - 173. Calculate u(-4).
7
Let y(j) = 34*j - 1783. What is y(15)?
-1273
Let r(g) = -670*g**2 - 174198*g + 519. Give r(-260).
-1
Let v(i) = -67*i**3 + 680*i**2 - 234*i + 1347. Give v(10).
7
Let h(x) = 731*x**2 + 60645*x - 2333. Calculate h(-83).
-9
Let i(q) = -5*q**3 - 64*q**2 + 76*q - 154. Give i(-14).
-42
Let n(x) = x**3 + 123*x**2 - 301*x + 3382. Calculate n(-126).
-6320
Let u(j) = -j**2 - 5904*j + 11810. What is u(2)?
-2
Let f(h) = 23453*h + 2955005. Calculate f(-126).
-73
Let c(y) = 548*y**2 + 27*y + 23. Determine c(-2).
2161
Let c(k) = -1860*k - 84857. What is c(-43)?
-4877
Let c(o) = -2*o**2 + 356*o + 46138. Calculate c(-87).
28
Let b(l) = -l**2 - 345888*l - 1037669. Calculate b(-3).
-14
Let t(s) = s**2 - 7426*s - 441622. Determine t(-59).
-7
Let l(y) = -51609*y - 258052. Calculate l(-5).
-7
Let f(b) = -1023*b**2 + 3747*b - 89. Determine f(4).
-1469
Let m(i) = i**3 + 2*i**2 - 212*i + 733. Determine m(-17).
2
Let v(g) = 8*g**2 + 650*g - 8750. Determine v(-93).
-8
Let h(u) = -39*u**2 + 1355*u + 15323. Determine h(-9).
-31
Let i(d) = -d**2 - 32*d - 61. Determine i(-17).
194
Let v(w) = w**2 - 20*w - 1510. Determine v(-30).
-10
Let d(t) = 7*t**3 - 183*t**2 - 405*t + 11191. Give d(26).
-15
Let m(c) = -c**3 + 139*c**2 - 1917*c + 6950. Calculate m(7).
-1